-113 - 5?
-118
In base 8, what is 1344 - 5?
1337
In base 8, what is 27 - -242?
271
In base 8, what is 3 + 320?
323
In base 10, what is -53 - -12?
-41
In base 9, what is -3 + -8833?
-8836
In base 4, what is -11031 + 11?
-11020
In base 14, what is -3 - -1d9?
1d6
In base 16, what is -2 + 404?
402
In base 11, what is -5 + 46a?
465
In base 15, what is -11 + -c9?
-da
In base 2, what is -111111000 - -10?
-111110110
In base 4, what is -3131 - -10?
-3121
In base 14, what is -207 - 4?
-20b
In base 12, what is a - -78?
86
In base 6, what is 233 - -214?
451
In base 4, what is -2 - -2?
0
In base 2, what is 111001101110 - 10?
111001101100
In base 8, what is 2 - -1620?
1622
In base 12, what is 3a + -a3?
-65
In base 9, what is -15 + -24?
-40
In base 3, what is 120 + 1210?
2100
In base 15, what is -67 + 0?
-67
In base 13, what is -5 + 1828?
1823
In base 5, what is -40 + 22?
-13
In base 5, what is 1144 + 110?
1304
In base 2, what is -10 - 101101110?
-101110000
In base 6, what is 40 + -153?
-113
In base 13, what is 17c4 + -1?
17c3
In base 12, what is -413b + -5?
-4144
In base 5, what is -3 - 202?
-210
In base 8, what is -1003 - -2?
-1001
In base 8, what is -4 + 254?
250
In base 12, what is -1 - 331?
-332
In base 7, what is -4151 + 5?
-4143
In base 12, what is 1 + -4132?
-4131
In base 16, what is -2c4a - 1?
-2c4b
In base 10, what is 592 + -3?
589
In base 2, what is -10110111 + -100?
-10111011
In base 16, what is -1d3 + 5?
-1ce
In base 12, what is -3 + -1b2?
-1b5
In base 7, what is 16 + -436?
-420
In base 2, what is -1010100 - 10001?
-1100101
In base 8, what is 655 - -23?
700
In base 14, what is 4 + -38?
-34
In base 13, what is 14 - 16c?
-158
In base 12, what is -3 + -9b?
-a2
In base 6, what is -2 + 130?
124
In base 13, what is 0 - 10c3?
-10c3
In base 11, what is -5993 + 1?
-5992
In base 2, what is -110100100001 + 1?
-110100100000
In base 13, what is 3 + 65?
68
In base 2, what is -10000111 + 10?
-10000101
In base 7, what is 5 + -3512?
-3504
In base 11, what is -3 - -159?
156
In base 11, what is -15 + -38?
-52
In base 16, what is 49e2 + 0?
49e2
In base 2, what is -100 + -1100010010?
-1100010110
In base 12, what is 8 + -20?
-14
In base 4, what is 12 + 3001?
3013
In base 13, what is -3 - 505?
-508
In base 16, what is 1338 + 1?
1339
In base 4, what is 11 - 31122?
-31111
In base 8, what is 55 - 330?
-253
In base 12, what is -b - 5?
-14
In base 10, what is -2039 - 0?
-2039
In base 15, what is 4b - -9?
55
In base 13, what is -48 + -37?
-82
In base 10, what is -49 - -24?
-25
In base 3, what is 22200012 - 0?
22200012
In base 15, what is -9 - -11?
7
In base 14, what is 0 - -494?
494
In base 9, what is 8 + -17?
-8
In base 9, what is 8 + 145?
154
In base 13, what is 2c7 - -4?
2cb
In base 9, what is 81 - -4?
85
In base 5, what is 3211 + -2?
3204
In base 15, what is -3 + -30?
-33
In base 3, what is -122112 - -11?
-122101
In base 7, what is 13 - -4?
20
In base 12, what is 1b235 + -2?
1b233
In base 5, what is 1 + 4132?
4133
In base 9, what is 132 + -25?
106
In base 13, what is 1b8 + -8?
1b0
In base 8, what is -2 + -2120?
-2122
In base 9, what is 1 - 172?
-171
In base 7, what is 1350 + -30?
1320
In base 14, what is -5 - -26?
21
In base 8, what is -3 - -607?
604
In base 16, what is 5 - f9?
-f4
In base 3, what is 100122 - 222?
22200
In base 12, what is 2 + -7a1?
-79b
In base 6, what is 124 + -4?
120
In base 3, what is -12 + 21?
2
In base 5, what is 10023 - -3?
10031
In base 3, what is 1 - 11202?
-11201
In base 14, what is -11 + -404?
-415
In base 7, what is -111 - -5?
-103
In base 8, what is 164 + 5?
171
In base 2, what is 1100 + 1010101?
1100001
In base 5, what is 10 + -1241?
-1231
In base 2, what is -101 - 100010001?
-100010110
In base 13, what is 74 + -28?
49
In base 16, what is 119c + 1?
119d
In base 9, what is 6 - -14?
21
In base 7, what is -2 + -60?
-62
In base 7, what is 25421 + -2?
25416
In base 9, what is -652 - -5?
-646
In base 2, what is -101 - -101011?
100110
In base 12, what is -3 - ab?
-b2
In base 6, what is 204 + 155?
403
In base 12, what is 28a - -2?
290
In base 4, what is 10 + -1303122?
-1303112
In base 14, what is 5 - -3355?
335a
In base 14, what is 16 + -13?
3
In base 11, what is 3 - -2896?
2899
In base 3, what is 12 + 1202?
1221
In base 9, what is -3 + -15?
-18
In base 8, what is 26 - -42?
70
In base 14, what is -8 + -18?
-22
In base 8, what is -1603 - 1?
-1604
In base 5, what is 24 + 243?
322
In base 10, what is -583 - -4?
-579
In base 6, what is 1330 - 1?
1325
In base 16, what is 167 + -2?
165
In base 8, what is 12 - 2?
10
In base 12, what is 234 - 17?
219
In base 14, what is -6 + 18?
12
In base 13, what is 8 + 2a?
35
In base 10, what is -13 - 16?
-29
In base 12, what is 2 + -240?
-23a
In base 4, what is -13123 - -133?
-12330
In base 6, what is -201514 - -1?
-201513
In base 2, what is -1011011 - 1?
-1011100
In base 4, what is -10 - -1101?
1031
In base 12, what is -23 + 6?
-19
In base 8, what is -2061 - 17?
-2100
In base 5, what is 334 - 401?
-12
In base 11, what is 46 - -347?
392
In base 12, what is 0 - 29?
-29
In base 3, what is -2 + 10002022?
10002020
In base 7, what is 1024 - 0?
1024
In base 9, what is -107 - -1?
-106
In base 8, what is -102 + 7?
-73
In base 5, what is 24 - -10?
34
In base 7, what is 0 - -113?
113
In base 10, what is -4 - -46?
42
In base 11, what is 1969 + -5?
1964
In base 9, what is 4 + -17?
-13
In base 12, what is 4b + -b?
40
In base 8, what is -11 + -5?
-16
In base 3, what is -12011112 + -10?
-12011122
In base 6, what is 3430 + -1?
3425
In base 4, what is -2 - -1322?
1320
In base 6, what is -2 - -3352?
3350
In base 2, what is 1 + 1000?
1001
In base 2, what is 11100011 - 11000?
11001011
In base 10, what is -3390 - 0?
-3390
In base 2, what is 101100110001 - -10?
101100110011
In base 4, what is 10220 + -20?
10200
In base 13, what is -1 + -130?
-131
In base 7, what is -25221 - -1?
-25220
In base 11, what is -1 - 3352?
-3353
In base 4, what is -2 + 3110?
3102
In base 11, what is 2 + 36?
38
In base 8, what is 1 + 3144?
3145
In base 6, what is -413 + -401?
-1214
In base 10, what is 3 + 126?
129
In base 13, what is 4 - -103?
107
In base 5, what is -10 - 4204?
-4214
In base 16, what is 4 + -58?
-54
In base 12, what is 17 + -3b?
-24
In base 9, what is 5 - 56?
-51
In base 6, what is -151 - 2?
-153
In base 4, what is -30 - 100?
-130
In base 4, what is -3 + -1203120?
-1203123
In base 13, what is -3443 - -5?
-343b
In base 14, what is 1 - -222?
223
In base 2, what is -10010000 - -1011?
-10000101
In base 14, what is -c + 4c?
40
In base 9, what is 174 + 5?
180
In base 16, what is -ef - 0?
-ef
In base 6, what is 20 + -204?
-144
In base 16, what is -1b - 9?
-24
In base 12, what is 10 - -a9?
b9
In base 2, what is 100010011 - -11?
100010110
In base 13, what is 1bc + 4?
1c3
In base 15, what is dd - -6?
e4
In base 2, what is -10 + -1010110?
-1011000
In base 12, what is -493 - -2?
-491
In base 10, what is 0 - 21?
-21
In base 11, what is 2 + -38?
-36
In base 3, what is -201 + -2022?
-10000
In base 12, what is -13 + 140?
129
In base 3, what is -10 + 212021?
212011
In base 12, what is 33 - -247?
27a
In base 9, what is -4 - -3?
-1
In base 15, what is -3 - -284?
281
In base 3, what is 20 + 1021?
1111
In base 9, what is -5 - 420?
-425
In base 8, what is 4307 - -2?
4311
In base 4, what is 31 + -13?
12
In base 8, what is -174 - 4?
-200
In base 15, what is -485 - 5?
-48a
In base 5, what is -2 + 31140?
31133
In base 2, what is -100111 + 10?
-100101
In base 2, what is -1010010 + 11111?
-110011
In base 8, what is -3 - -61?
56
In base 13, what is b - -2a?
38
In base 12, what is 1 + 19?
1a
In base 14, what is -20 + -50?
-70
In base 10, what is 1 - -1?
2
In base 9, what is 22 - 1?
21
In base 8, what is -7 + 243?
234
In base 3, what is -12 - 12201?
-12220
In base 9, what is -2 + -40?
-42
In base 13, what is 2c - 4?
28
In base 12, what is 14 - 9?
7
In base 7, what is 21 - -15?
36
In base 3, what is -2220122 + 1?
-2220121
In base 12, what is -64 + 33?
-31
In base 8, what is 4 - -14?
20
In base 2, what is 1110101000 - -100?
1110101100
In base 15, what is -177 + 5?
-172
In base 16, what is -79 - 3?
-7c
In base 2, what is -101 + -101101?
-110010
In base 9, what is -28 + 47?
18
In base 5, what is 3320 + 3?
3323
In base 5, what is -131132 - 2?
-131134
In base 13, what is 7 - -63?